{"id":312,"date":"2025-11-25T12:04:28","date_gmt":"2025-11-25T11:04:28","guid":{"rendered":"https:\/\/seniorenheime-unterallgaeu.de\/babenhausen\/?page_id=312"},"modified":"2025-12-26T22:06:23","modified_gmt":"2025-12-26T21:06:23","slug":"karriere","status":"publish","type":"page","link":"https:\/\/www.seniorenheime-unterallgaeu.de\/babenhausen\/karriere\/","title":{"rendered":"Karriere"},"content":{"rendered":"<p>[et_pb_section fb_built=&#8220;1&#8243; next_background_color=&#8220;#ffffff&#8220; admin_label=&#8220;Header&#8220; _builder_version=&#8220;4.27.4&#8243; _module_preset=&#8220;default&#8220; background_image=&#8220;https:\/\/seniorenheime-unterallgaeu.de\/babenhausen\/wp-content\/uploads\/sites\/5\/2025\/11\/Haus_Babenhausen-scaled.jpg&#8220; min_height=&#8220;600px&#8220; custom_padding=&#8220;||100px||false|false&#8220; bottom_divider_style=&#8220;curve&#8220; bottom_divider_height=&#8220;60px&#8220; collapsed=&#8220;on&#8220; global_colors_info=&#8220;{%22gcid-34807b40-f97e-428a-90f8-6d5ad2ecd8cd%22:%91%22background_color_gradient_stops%22%93}&#8220;][\/et_pb_section][et_pb_section fb_built=&#8220;1&#8243; _builder_version=&#8220;4.27.4&#8243; _module_preset=&#8220;default&#8220; global_colors_info=&#8220;{}&#8220;][et_pb_row _builder_version=&#8220;4.27.4&#8243; _module_preset=&#8220;default&#8220; global_colors_info=&#8220;{}&#8220;][et_pb_column type=&#8220;4_4&#8243; _builder_version=&#8220;4.27.4&#8243; _module_preset=&#8220;default&#8220; global_colors_info=&#8220;{}&#8220;][et_pb_text _builder_version=&#8220;4.27.4&#8243; _module_preset=&#8220;default&#8220; text_font=&#8220;calibri-regular||||||||&#8220; text_font_size=&#8220;35px&#8220; text_orientation=&#8220;center&#8220; global_colors_info=&#8220;{}&#8220;]<\/p>\n<p>Karriere &amp; Ausbildung<\/p>\n<p>[\/et_pb_text][\/et_pb_column][\/et_pb_row][\/et_pb_section][et_pb_section fb_built=&#8220;1&#8243; _builder_version=&#8220;4.27.4&#8243; _module_preset=&#8220;default&#8220; global_colors_info=&#8220;{}&#8220;][et_pb_row _builder_version=&#8220;4.27.4&#8243; _module_preset=&#8220;default&#8220; global_colors_info=&#8220;{}&#8220;][et_pb_column type=&#8220;4_4&#8243; _builder_version=&#8220;4.27.4&#8243; _module_preset=&#8220;default&#8220; global_colors_info=&#8220;{}&#8220;][et_pb_text _builder_version=&#8220;4.27.4&#8243; _module_preset=&#8220;default&#8220; text_font_size=&#8220;20px&#8220; header_font=&#8220;calibri-regular||||||||&#8220; header_font_size=&#8220;33px&#8220; header_2_font_size=&#8220;30px&#8220; global_colors_info=&#8220;{}&#8220;]<\/p>\n<header>\n<header><\/header>\n<p><span>Zur Verst\u00e4rkung unseres engagierten Teams suchen wir in verschiedenen Bereichen unseres Hauses laufend Mitarbeiterinnen und Mitarbeiter.<\/span><\/p>\n<p><span><\/span><\/p>\n<p style=\"font-weight: 400;\">Auch bieten Dir eine erstklassige Ausbildung in verschiedenen Ausbildungsberufen an.<\/p>\n<p style=\"font-weight: 400;\">\n<p style=\"font-weight: 400;\">Sie arbeiten bei uns in einem netten Team, bekommen eine gute Bezahlung und haben viele Weiterbildungs- und Aufstiegschancen.<\/p>\n<p style=\"font-weight: 400;\"><strong>\u00a0<\/strong><\/p>\n<p style=\"font-weight: 400;\"><strong>F\u00fchlen Sie sich angesprochen? Dann nutzen Sie unser Karriereportal!<\/strong><\/p>\n<p style=\"font-weight: 400;\"><strong>\u00a0<\/strong><\/p>\n<p style=\"font-weight: 400;\"><strong>Was uns als Arbeitgeber besonders macht sind<\/strong><\/p>\n<ul>\n<li>Bezahlung nach TV\u00f6D<\/li>\n<li>eine wertsch\u00e4tzende F\u00fchrungskultur und stets ein offenes Ohr f\u00fcr Ihre Anliegen<\/li>\n<li>die Vereinbarkeit von Beruf und Familie<\/li>\n<li>ein digitalisierter Arbeitsplatz<\/li>\n<li>ein famili\u00e4res Arbeitsumfeld<\/li>\n<li>Mitarbeiterbefragungen \u2013 Ihre Meinung ist uns wichtig!<\/li>\n<li>kostenlose Getr\u00e4nke f\u00fcr alle Mitarbeiter<\/li>\n<li>regelm\u00e4\u00dfige Mitarbeiterfeiern zur St\u00e4rkung der Gemeinschaft<\/li>\n<li>arbeitgeberfinanzierte Dienstkleidung inkl. Reinigung<\/li>\n<li>Dienstradleasing<\/li>\n<\/ul>\n<\/header>\n<p>[\/et_pb_text][\/et_pb_column][\/et_pb_row][et_pb_row _builder_version=&#8220;4.27.4&#8243; _module_preset=&#8220;default&#8220; global_colors_info=&#8220;{}&#8220;][et_pb_column type=&#8220;4_4&#8243; _builder_version=&#8220;4.27.4&#8243; _module_preset=&#8220;default&#8220; global_colors_info=&#8220;{}&#8220;][et_pb_button button_url=&#8220;https:\/\/www.seniorenheime-unterallgaeu.de\/karriere\/&#8220; button_text=&#8220;Offene Stellen&#8220; button_alignment=&#8220;center&#8220; _builder_version=&#8220;4.27.5&#8243; _module_preset=&#8220;default&#8220; custom_button=&#8220;on&#8220; button_text_color=&#8220;gcid-heading-color&#8220; button_border_radius=&#8220;100px&#8220; button_use_icon=&#8220;off&#8220; hover_enabled=&#8220;0&#8243; global_colors_info=&#8220;{%22gcid-heading-color%22:%91%22button_text_color%22%93}&#8220; sticky_enabled=&#8220;0&#8243;][\/et_pb_button][\/et_pb_column][\/et_pb_row][\/et_pb_section][et_pb_section fb_built=&#8220;1&#8243; fullwidth=&#8220;on&#8220; _builder_version=&#8220;4.27.4&#8243; _module_preset=&#8220;default&#8220; custom_margin=&#8220;2px|||||&#8220; global_colors_info=&#8220;{}&#8220;][\/et_pb_section]<\/p>\n","protected":false},"excerpt":{"rendered":"<p>Karriere &amp; Ausbildung Zur Verst\u00e4rkung unseres engagierten Teams suchen wir in verschiedenen Bereichen unseres Hauses laufend Mitarbeiterinnen und Mitarbeiter. Auch bieten Dir eine erstklassige Ausbildung in verschiedenen Ausbildungsberufen an. Sie arbeiten bei uns in einem netten Team, bekommen eine gute Bezahlung und haben viele Weiterbildungs- und Aufstiegschancen. \u00a0 F\u00fchlen Sie sich angesprochen? Dann nutzen Sie [&hellip;]<\/p>\n","protected":false},"author":1,"featured_media":0,"parent":0,"menu_order":0,"comment_status":"closed","ping_status":"closed","template":"","meta":{"_et_pb_use_builder":"on","_et_pb_old_content":"","_et_gb_content_width":"","footnotes":""},"class_list":["post-312","page","type-page","status-publish","hentry"],"_links":{"self":[{"href":"https:\/\/www.seniorenheime-unterallgaeu.de\/babenhausen\/wp-json\/wp\/v2\/pages\/312","targetHints":{"allow":["GET"]}}],"collection":[{"href":"https:\/\/www.seniorenheime-unterallgaeu.de\/babenhausen\/wp-json\/wp\/v2\/pages"}],"about":[{"href":"https:\/\/www.seniorenheime-unterallgaeu.de\/babenhausen\/wp-json\/wp\/v2\/types\/page"}],"author":[{"embeddable":true,"href":"https:\/\/www.seniorenheime-unterallgaeu.de\/babenhausen\/wp-json\/wp\/v2\/users\/1"}],"replies":[{"embeddable":true,"href":"https:\/\/www.seniorenheime-unterallgaeu.de\/babenhausen\/wp-json\/wp\/v2\/comments?post=312"}],"version-history":[{"count":11,"href":"https:\/\/www.seniorenheime-unterallgaeu.de\/babenhausen\/wp-json\/wp\/v2\/pages\/312\/revisions"}],"predecessor-version":[{"id":588,"href":"https:\/\/www.seniorenheime-unterallgaeu.de\/babenhausen\/wp-json\/wp\/v2\/pages\/312\/revisions\/588"}],"wp:attachment":[{"href":"https:\/\/www.seniorenheime-unterallgaeu.de\/babenhausen\/wp-json\/wp\/v2\/media?parent=312"}],"curies":[{"name":"wp","href":"https:\/\/api.w.org\/{rel}","templated":true}]}}

<p>[et_pb_section fb_built=&#8220;1&#8243; next_background_color=&#8220;#ffffff&#8220; admin_label=&#8220;Header&#8220; _builder_version=&#8220;4.27.4&#8243; _module_preset=&#8220;default&#8220; background_image=&#8220;https://seniorenheime-unterallgaeu.de/babenhausen/wp-content/uploads/sites/5/2025/11/Haus_Babenhausen-scaled.jpg&#8220; min_height=&#8220;600px&#8220; custom_padding=&#8220;||100px||false|false&#8220; bottom_divider_style=&#8220;curve&#8220; bottom_divider_height=&#8220;60px&#8220; collapsed=&#8220;on&#8220; global_colors_info=&#8220;{%22gcid-34807b40-f97e-428a-90f8-6d5ad2ecd8cd%22:%91%22background_color_gradient_stops%22%93}&#8220;][/et_pb_section][et_pb_section fb_built=&#8220;1&#8243; _builder_version=&#8220;4.27.4&#8243; _module_preset=&#8220;default&#8220; global_colors_info=&#8220;{}&#8220;][et_pb_row _builder_version=&#8220;4.27.4&#8243; _module_preset=&#8220;default&#8220; global_colors_info=&#8220;{}&#8220;][et_pb_column type=&#8220;4_4&#8243; _builder_version=&#8220;4.27.4&#8243; _module_preset=&#8220;default&#8220; global_colors_info=&#8220;{}&#8220;][et_pb_text _builder_version=&#8220;4.27.4&#8243; _module_preset=&#8220;default&#8220; text_font=&#8220;calibri-regular||||||||&#8220; text_font_size=&#8220;35px&#8220; text_orientation=&#8220;center&#8220; global_colors_info=&#8220;{}&#8220;]</p>
<p>Karriere &amp; Ausbildung</p>
<p>[/et_pb_text][/et_pb_column][/et_pb_row][/et_pb_section][et_pb_section fb_built=&#8220;1&#8243; _builder_version=&#8220;4.27.4&#8243; _module_preset=&#8220;default&#8220; global_colors_info=&#8220;{}&#8220;][et_pb_row _builder_version=&#8220;4.27.4&#8243; _module_preset=&#8220;default&#8220; global_colors_info=&#8220;{}&#8220;][et_pb_column type=&#8220;4_4&#8243; _builder_version=&#8220;4.27.4&#8243; _module_preset=&#8220;default&#8220; global_colors_info=&#8220;{}&#8220;][et_pb_text _builder_version=&#8220;4.27.4&#8243; _module_preset=&#8220;default&#8220; text_font_size=&#8220;20px&#8220; header_font=&#8220;calibri-regular||||||||&#8220; header_font_size=&#8220;33px&#8220; header_2_font_size=&#8220;30px&#8220; global_colors_info=&#8220;{}&#8220;]</p>
<header>
<header></header>
<p><span>Zur Verstärkung unseres engagierten Teams suchen wir in verschiedenen Bereichen unseres Hauses laufend Mitarbeiterinnen und Mitarbeiter.</span></p>
<p><span></span></p>
<p style="font-weight: 400;">Auch bieten Dir eine erstklassige Ausbildung in verschiedenen Ausbildungsberufen an.</p>
<p style="font-weight: 400;">
<p style="font-weight: 400;">Sie arbeiten bei uns in einem netten Team, bekommen eine gute Bezahlung und haben viele Weiterbildungs- und Aufstiegschancen.</p>
<p style="font-weight: 400;"><strong> </strong></p>
<p style="font-weight: 400;"><strong>Fühlen Sie sich angesprochen? Dann nutzen Sie unser Karriereportal!</strong></p>
<p style="font-weight: 400;"><strong> </strong></p>
<p style="font-weight: 400;"><strong>Was uns als Arbeitgeber besonders macht sind</strong></p>
<ul>
<li>Bezahlung nach TVöD</li>
<li>eine wertschätzende Führungskultur und stets ein offenes Ohr für Ihre Anliegen</li>
<li>die Vereinbarkeit von Beruf und Familie</li>
<li>ein digitalisierter Arbeitsplatz</li>
<li>ein familiäres Arbeitsumfeld</li>
<li>Mitarbeiterbefragungen – Ihre Meinung ist uns wichtig!</li>
<li>kostenlose Getränke für alle Mitarbeiter</li>
<li>regelmäßige Mitarbeiterfeiern zur Stärkung der Gemeinschaft</li>
<li>arbeitgeberfinanzierte Dienstkleidung inkl. Reinigung</li>
<li>Dienstradleasing</li>
</ul>
</header>
<p>[/et_pb_text][/et_pb_column][/et_pb_row][et_pb_row _builder_version=&#8220;4.27.4&#8243; _module_preset=&#8220;default&#8220; global_colors_info=&#8220;{}&#8220;][et_pb_column type=&#8220;4_4&#8243; _builder_version=&#8220;4.27.4&#8243; _module_preset=&#8220;default&#8220; global_colors_info=&#8220;{}&#8220;][et_pb_button button_url=&#8220;https://www.seniorenheime-unterallgaeu.de/karriere/&#8220; button_text=&#8220;Offene Stellen&#8220; button_alignment=&#8220;center&#8220; _builder_version=&#8220;4.27.5&#8243; _module_preset=&#8220;default&#8220; custom_button=&#8220;on&#8220; button_text_color=&#8220;gcid-heading-color&#8220; button_border_radius=&#8220;100px&#8220; button_use_icon=&#8220;off&#8220; hover_enabled=&#8220;0&#8243; global_colors_info=&#8220;{%22gcid-heading-color%22:%91%22button_text_color%22%93}&#8220; sticky_enabled=&#8220;0&#8243;][/et_pb_button][/et_pb_column][/et_pb_row][/et_pb_section][et_pb_section fb_built=&#8220;1&#8243; fullwidth=&#8220;on&#8220; _builder_version=&#8220;4.27.4&#8243; _module_preset=&#8220;default&#8220; custom_margin=&#8220;2px|||||&#8220; global_colors_info=&#8220;{}&#8220;][/et_pb_section]</p>

<p>Karriere &amp; Ausbildung Zur Verstärkung unseres engagierten Teams suchen wir in verschiedenen Bereichen unseres Hauses laufend Mitarbeiterinnen und Mitarbeiter. Auch bieten Dir eine erstklassige Ausbildung in verschiedenen Ausbildungsberufen an. Sie arbeiten bei uns in einem netten Team, bekommen eine gute Bezahlung und haben viele Weiterbildungs- und Aufstiegschancen.   Fühlen Sie sich angesprochen? Dann nutzen Sie [&hellip;]</p>
